etermine d(q).
-11
Let s = -18 + 19. Let t(p) = -39*p + 19*p + 31*p. Give t(s).
11
Let v(p) be the second derivative of p**4/12 + p**3/6 - 5*p**2/2 - 10*p - 2. What is v(4)?
15
Let n(q) be the third derivative of -q**4/8 + 11*q**3/3 - 32*q**2 - 7. Give n(10).
-8
Suppose 16 = 3*o - 7*o. Let d(r) = r - 1. Let i(q) = -q**2 - 5*q + 7. Let n(a) = o*d(a) - i(a). Let h be (-3 - 1) + (1 - 1). Determine n(h).
9
Let d = 3 - 2. Let s(t) = 21*t**2 - 6*t - 10. Let z be s(-2). Let g(w) = -12 + w**2 + 11 + w - z*w**3 + 72*w**3. Calculate g(d).
-13
Let u = 12 - 8. Suppose -2*t - 12 = u*t. Let g(s) = 3*s. Determine g(t).
-6
Let h = -553 + 867. Let y(w) = 2*w + h - 314. What is y(-5)?
-10
Suppose 4*i + i - 20 = 0. Let d(p) be the first derivative of 7 - 4*p - p**3 - p**2 + 1/4*p**4. Calculate d(i).
4
Let s(z) = -2*z**3 - 2*z**2 + 3*z + 3. Let g = -22 - -25. Suppose -5*x = -3*c + 4, -g*x - 4 = x - 2*c. What is s(x)?
5
Let w = -71 - -69. Let y(b) = 0*b**3 + b**3 - 2*b + 0*b**3 - 2 + 3*b. Determine y(w).
-12
Let d(x) be the first derivative of -x**3/3 + x**2 + 1. Suppose 0 = 2*b - 4*k + k + 5, 0 = -3*b + 2*k + 5. What is d(b)?
-15
Suppose -17*o + 20*o = 3. Let j be o/(-4)*(5 - 9). Let s(m) = 3*m**2 - m. What is s(j)?
2
Let k(f) = -4*f**3 - 5*f**2 - 6. Let s(d) = -3*d**3 - 5*d**2 - d - 5. Let r(t) = 4*k(t) - 5*s(t). Let g = -747 - -753. What is r(g)?
-5
Let m(b) = 2*b**2 + 16*b + 7. Let a(s) = 4*s + 2. Let z(j) = 6*a(j) - 2*m(j). Give z(-2).
-2
Let f(o) be the second derivative of -o**4/2 + o**3/3 - 3*o**2/2 - 2*o - 130. Give f(1).
-7
Let w(k) = -k**3 - 5*k**2 - 5*k - 1. Let q be w(-3). Let c be q - -1 - ((-3)/(-1) + -1). Let u(j) = j**3 + 4*j**2 - 7*j - 3. What is u(c)?
7
Let d = -84 + 87. Let w(f) = 4*f**2 - 2*f**3 + d*f**3 + 3*f**3 + 2*f - 2 - f**2. Give w(-2).
-26
Suppose 0 = -2*y + 9 - 1, -3*z - 159 = 3*y. Let v = z - -55. Let j(g) = -2*g**2 - g - 1. Give j(v).
-7
Let p = 48 - 29. Suppose -5*x + 2*x - 60 = 0. Let l = x + p. Let v(u) = -9*u**3 + u. What is v(l)?
8
Let x(o) = -2*o**2 + o + 4. Let w(q) = 2*q**2 - 3. Let z(u) = -6*w(u) - 5*x(u). Let p(b) = -2*b - 17. Let h be p(-12). Suppose 4 = -h*t + 6*t. Give z(t).
-14
Suppose 22*p = -p - 23. Let b(o) = 23*o + 1. Calculate b(p).
-22
Let k(z) = z**2 + 12*z + 25. Let p be k(-7). Let n = p + 3. Let h(r) = -r**2 - 8*r + 1. Determine h(n).
8
Let b(h) = 7*h**3 - h**2 - h - 3. Let a = -9 - -12. Let r(s) = -2 - s**2 - s**2 - 3 + 11*s**a - 2*s. Let m(v) = -8*b(v) + 5*r(v). What is m(-2)?
3
Let g(u) = u**3 - 2*u**2 + 3*u - 13. Let p be g(3). Let q(v) = v**3 - 5*v**2 - 2*v + 3. Calculate q(p).
-7
Let z(j) = -5*j**2 + 5*j - 1. Let i(c) = -4*c**2 + 4*c. Let o(d) = -3*i(d) + 2*z(d). What is o(-2)?
10
Suppose 3*t = 5*i + 64, -2*t = -0*i - 2*i - 40. Suppose y + 47 = 4*c + t, 2*c - 3*y - 17 = 0. Let k(x) = 114*x - x**2 - 10 - 59*x - 48*x. Give k(c).
-10
Let k(p) = p**2 + 9*p + 10. Suppose -30*f - 216 = -6*f. Determine k(f).
10
Let w be 8/20 - (-12)/(-5). Let q(b) be the second derivative of b**5/10 + b**4/4 + b**3/6 - 4*b - 8. Calculate q(w).
-6
Let n = -461 + 469. Let p(v) be the first derivative of 1 - 9/2*v**2 - n*v - 1/3*v**3. Calculate p(-6).
10
Let v(f) = -1 - 3*f**2 + 4*f + 2*f**2 + 3 - f**3 - 3*f. Suppose -7 = -4*d + 17. Suppose 2*m = d*m. Calculate v(m).
2
Let v be 8 + -3 - (1 + -3). Suppose -7 + 1 = -3*n. Let r(k) = -18*k**3 + 17*k**3 + 3*k + 7 + 3*k + 6*k**n. Calculate r(v).
0
Let c(w) = 2*w**3 + 3*w**2 - w + 3. Let u(v) = -3*v**3 - 7*v**2 + 2*v - 6. Let l(o) = 5*c(o) + 3*u(o). What is l(6)?
3
Let s(g) = -g - 12. Suppose 3*a - 5*l + 23 = 0, 16 = 5*a - 4*l + 50. Give s(a).
-6
Suppose 4*p - y = -p + 44, 2*y - 47 = -5*p. Let x(v) = 2*v + 2. Calculate x(p).
20
Let h be (-3)/(35/36 - ((-504)/(-81) + -6)). Let s(b) = -b**2 + 7*b + 2. Let r(g) = -g**2 + g. Let k(y) = 2*r(y) - s(y). Calculate k(h).
2
Suppose 6*o - 4*o = -2. Let k(l) = -2*l - 2*l**2 - 1 - 2 + 1 + 2*l**3 + 1. What is k(o)?
-3
Let t(x) = 4*x - 3*x + 7*x**2 - 10*x**2 - 4*x. Let d = 8 + -14. Let p(i) = -4*i**2 - 3*i. Let r(h) = d*p(h) + 7*t(h). Determine r(2).
6
Let n(z) = z - 10. Let p(r) be the first derivative of 3*r**2 - 36*r + 2. Let o be p(6). What is n(o)?
-10
Let v be (27/3 - 1) + -4. Suppose v*o = -2*y - 20, y + y + 5 = o. Let g(i) = i + 7*i - 4*i - 3*i + 9. What is g(y)?
5
Let x(w) = -w**2 - 15*w + 15. Suppose -2*k = -7*k - 80. Let t be x(k). Let f(v) = -16*v - 1. Calculate f(t).
15
Let d(r) = 3*r - 9. Let x(n) = n. Let f(c) = -d(c) + 4*x(c). Calculate f(-7).
2
Let w(f) = f**2 - 10*f - 7. Suppose 0 = 14*z - 15*z + 10. Give w(z).
-7
Let n = -1068 - -1073. Let y(j) = j**3 - 7*j**2 + 6*j - 4. Give y(n).
-24
Let u(j) = -j**3 + 3*j**2 + j + 1. Let n be u(3). Let p(x) = -7*x - 9. Let t(z) = -z + 38 - 2*z - 42. Let k(q) = 2*p(q) - 5*t(q). What is k(n)?
6
Let a(c) be the third derivative of c**6/120 + c**5/12 - c**4/12 + c**3 + 3*c**2. Let z be (-8)/(-12)*-9 - -1. Determine a(z).
16
Let v(t) be the second derivative of t**3/3 + 5*t**2/2 - 2*t. Let u(p) = -82*p + 650. Let b be u(8). Determine v(b).
-7
Let i(j) = -13*j**2 - 13*j + 28. Let u(w) = 3*w**2 + 3*w - 7. Let h(x) = -2*i(x) - 9*u(x). Give h(-5).
-13
Let r(s) = -4*s + 1. Suppose 4*t - t = y + 2, 4*y + 2*t - 34 = 0. Suppose -c + 2*j + y = 0, -4*c + 16 - 6 = -2*j. What is r(c)?
-3
Let m(a) = 5 - 2*a - 2 - 2*a - 4. Give m(-2).
7
Let l(t) = 2*t - 13. Let n(q) = -q - 21. Let b be n(-7). Let x = 16 + b. Suppose -x*f = -0*f - s - 21, 30 = 3*f - s. Calculate l(f).
5
Let l(a) = 2*a**2 + 3 + 0 + 3*a - 4*a**2 - 4. Let d(b) = b**2 + 34*b + 255. Let f be d(-11). What is l(f)?
-3
Let p be 328/(-11) + (-6)/33. Let o be p/4*8/5. Let d(l) = -l - 1. Let a(h) = -2*h - 4. Let b(g) = o*d(g) + 3*a(g). Determine b(1).
6
Let f(i) be the first derivative of -i**5/120 + i**4/2 + 7*i**3/3 + 3. Let k(h) be the third derivative of f(h). Suppose 3*m = -0*m. What is k(m)?
12
Let c(s) be the first derivative of -s**3/3 + 2*s - 2566. Suppose -3*b = -0*b + 3*i + 6, -5*b = -2*i - 25. What is c(b)?
-7
Let j(w) = 9*w**3 + 3*w**2 + 4*w + 3. Let u(p) = 18*p**3 + 7*p**2 + 9*p + 7. Let d(n) = -7*j(n) + 3*u(n). Determine d(-1).
10
Let t(x) = 2*x - 7. Suppose 12*u - 150 + 30 = 0. Give t(u).
13
Let a(c) = -c**3 - c**2 + 2. Let s(l) = -7*l**3 - 6*l**2 + 7*l + 18. Let y(h) = -6*a(h) + s(h). What is y(-4)?
42
Let t(q) = 5*q**3 + 4*q + 3. Let x(l) = -6*l**3 - l**2 - 4*l - 4. Let w(k) = 5*t(k) + 4*x(k). Let n be -3 + (8 + 0 - 2). What is w(n)?
2
Let t(j) = 2*j**2 - 6*j - 7. Let l = -117 - -122. What is t(l)?
13
Suppose -z + 4 + 2 = 0. Let w be 4/(-18) - (-342)/81. Let k(s) = 7 + 1 + w*s - 5*s - 1. Determine k(z).
1
Let i(z) = -2*z**3 - 2*z**2 - 4*z - 3. Let w(a) = -6*a**3 + a**2 - a. Let q be w(1). Let d(s) = s**3 + 5*s**2 - 6*s - 2. Let o be d(q). Give i(o).
13
Let i(u) = -4*u**2 - 7*u + 11. Let d(y) = -3*y**2 - 7*y + 10. Let q(n) = 5*d(n) - 4*i(n). Let b(f) = f + 8. Let h be b(-4). What is q(h)?
-6
Suppose -4*o = 5*v + 12, -v = -2*o + o + 6. Let w(q) = 3*q + 8. What is w(v)?
-4
Let c = -39 + 43. Suppose k = 3*h + 2, -2*k = -0*k - c*h. Let a(s) = s**3 + 3*s**2 - 2*s + 1. What is a(k)?
-7
Let x(k) be the second derivative of k**4/12 - 3*k**3/2 + 9*k**2/2 + 134*k. Determine x(8).
1
Let h = -21 - -20. Let d(p) = 2*p + 1. Give d(h).
-1
Let l(z) be the second derivative of -z**4/12 + 2*z**3 + z**2/2 + 3*z - 15. What is l(11)?
12
Let y(g) = -g + 3. Let f be (-90)/(-25) - (-6)/15. Let d(n) = 2*n - 7. Let i(h) = f*d(h) + 9*y(h). Determine i(-6).
5
Suppose -3*f = -9*f + 18. Let v(w) = -2*w - 76*w**3 - 70*w**f - 2*w**2 + 147*w**3 + 5*w**2. What is v(-3)?
6
Let o(r) be the first derivative of -r**4/4 + 2*r**3 - 5*r**2/2 + 8*r + 10. Let l(w) = w**3 - 6*w**2 + 6*w - 8. Let g(f) = 6*l(f) + 7*o(f). Give g(6).
14
Suppose -4*w + 6 + 34 = 0. Suppose -2*j - 5 = 5*q, -3*j - 4*q = 1 + w. Let p(g) = g + 6. Determine p(j).
1
Let r(p) = -p**3 - 5*p**2 - 3*p + 2. Suppose 2*d + 241 = 235. Give r(d).
-7
Suppose 0 = 251*x - 218*x - 330. Let r(f) be the second derivative of -x*f - 5*f**2 - 1/12*f**4 + 0 - 4/3*f**3. Calculate r(-7).
-3
Suppose 0 = -2*i + 7*i + 35. Let d(p) be the first derivative of 10 + 1/3*p**3 + 6*p + 7/2*p**2. Calculate d(i).
6
Let f(q) = -7*q**3 + 13*q - 8. Let i(u) = -6*u**3 - u**2 + 12*u - 7. Let s = 9 - 4. Let n(j) = s*f(j) - 6*i(j). Determine n(-7).
2
